e the prime factors of 1353120451?
37, 36570823
List the prime factors of 265917038.
2, 132958519
List the prime factors of 716377300.
2, 5, 7163773
What are the prime factors of 22648837?
22648837
List the prime factors of 1001897555.
5, 200379511
What are the prime factors of 3514189658?
2, 7, 107, 2345921
List the prime factors of 129675282.
2, 3, 11, 1049, 1873
List the prime factors of 67001978.
2, 47, 443, 1609
What are the prime factors of 1918284403?
7, 17, 19, 848423
List the prime factors of 435384865.
5, 167, 227, 2297
What are the prime factors of 721819139?
19, 1999499
List the prime factors of 3544537697.
3544537697
What are the prime factors of 76902495?
3, 5, 5126833
List the prime factors of 647831945.
5, 129566389
What are the prime factors of 1201422292?
2, 7, 67, 587, 1091
What are the prime factors of 283507986?
2, 3, 37, 1277063
List the prime factors of 80574633.
3, 883, 10139
What are the prime factors of 55084650?
2, 3, 5, 367231
What are the prime factors of 7095638?
2, 11, 23, 37, 379
What are the prime factors of 620431987?
7, 88633141
What are the prime factors of 1289806219?
13, 79, 131, 9587
List the prime factors of 4384342.
2, 79, 27749
What are the prime factors of 76782237?
3, 7, 107, 34171
List the prime factors of 24540859.
7, 83, 42239
What are the prime factors of 52487674?
2, 26243837
What are the prime factors of 199724352?
2, 3, 19, 53, 1033
What are the prime factors of 1185620123?
23, 43, 53, 22619
What are the prime factors of 6047423?
6047423
List the prime factors of 280256593.
19, 14750347
What are the prime factors of 79013303?
23, 3435361
List the prime factors of 1398850428.
2, 3, 116570869
List the prime factors of 1818256.
2, 11, 10331
List the prime factors of 194911497.
3, 11, 1968803
List the prime factors of 1631173137.
3, 11, 17, 43, 67619
List the prime factors of 881703784.
2, 13, 37, 229133
What are the prime factors of 2861146224?
2, 3, 433, 45887
What are the prime factors of 365297941?
409, 893149
What are the prime factors of 219416382?
2, 3, 17, 717047
List the prime factors of 62689627.
7, 11, 13, 62627
What are the prime factors of 563547513?
3, 187849171
List the prime factors of 186859377.
3, 4493, 4621
What are the prime factors of 226623498?
2, 3, 17, 683, 3253
List the prime factors of 71546232.
2, 3, 59, 50527
What are the prime factors of 3371482?
2, 29, 58129
What are the prime factors of 1769664735?
3, 5, 23, 257, 6653
List the prime factors of 2758793712.
2, 3, 773, 74353
What are the prime factors of 21674056?
2, 2709257
List the prime factors of 1818188366.
2, 19319, 47057
List the prime factors of 567496036.
2, 1447, 98047
What are the prime factors of 89684712?
2, 3, 13, 19, 41
What are the prime factors of 408310879?
17, 24018287
List the prime factors of 225582126.
2, 3, 7, 11, 29, 113, 149
List the prime factors of 2831481150.
2, 3, 5, 163, 115807
What are the prime factors of 30000073?
23, 541, 2411
List the prime factors of 387802068.
2, 3, 179, 180541
List the prime factors of 180174351.
3, 7, 8579731
What are the prime factors of 130646225?
5, 1901, 2749
What are the prime factors of 2276260384?
2, 43, 47, 61, 577
List the prime factors of 178114379.
19, 73, 281, 457
List the prime factors of 1958154042.
2, 3, 13, 25104539
List the prime factors of 2171294000.
2, 5, 439, 2473
What are the prime factors of 7034031537?
3, 13, 17, 10609399
What are the prime factors of 20540231?
20540231
List the prime factors of 91213589.
91213589
List the prime factors of 18306294.
2, 3, 431, 7079
List the prime factors of 4125607223.
4125607223
List the prime factors of 262952345.
5, 17, 53, 58369
List the prime factors of 66127795.
5, 2633, 5023
What are the prime factors of 420094457?
83, 5061379
List the prime factors of 21080006.
2, 19, 23, 89, 271
What are the prime factors of 547632337?
7, 78233191
List the prime factors of 209821119.
3, 29, 2411737
What are the prime factors of 366193242?
2, 3, 409, 49741
List the prime factors of 3358849062.
2, 3, 3923, 142699
List the prime factors of 37678526.
2, 223, 84481
List the prime factors of 1784350661.
43, 5081, 8167
List the prime factors of 202395389.
7, 28913627
What are the prime factors of 6790762996?
2, 223, 7612963
What are the prime factors of 683557342?
2, 13, 2022359
List the prime factors of 165992912.
2, 10374557
List the prime factors of 806381966.
2, 13, 31014691
What are the prime factors of 106867499?
23, 4646413
What are the prime factors of 380286498?
2, 3, 17, 89, 163, 257
List the prime factors of 42000823.
2081, 20183
List the prime factors of 20532593.
101, 203293
List the prime factors of 69853685.
5, 11, 1270067
List the prime factors of 904437006.
2, 3, 11, 1245781
What are the prime factors of 43897396?
2, 10974349
List the prime factors of 195260934.
2, 3, 11, 71, 41669
List the prime factors of 113601351.
3, 37867117
List the prime factors of 410251812.
2, 3, 34187651
List the prime factors of 4830571925.
5, 193222877
List the prime factors of 99245269.
17, 1861, 3137
List the prime factors of 162580644.
2, 3, 19, 237691
What are the prime factors of 2896776297?
3, 107288011
List the prime factors of 58240569.
3, 257, 75539
What are the prime factors of 13043402?
2, 241, 27061
List the prime factors of 1752278233.
353, 4963961
List the prime factors of 212243384.
2, 1229, 21587
What are the prime factors of 88746213?
3, 23, 1286177
List the prime factors of 651389046.
2, 3, 7, 11, 19, 10601
List the prime factors of 806547517.
43, 18756919
What are the prime factors of 366858966?
2, 3, 233, 397, 661
What are the prime factors of 622134618?
2, 3, 7, 17, 871337
List the prime factors of 97189740.
2, 3, 5, 179981
What are the prime factors of 211447438?
2, 5501, 19219
List the prime factors of 610705980.
2, 3, 5, 19, 19841
What are the prime factors of 156411557?
139, 211, 5333
List the prime factors of 3450453521.
379, 2953, 3083
List the prime factors of 2238008229.
3, 43, 479, 12073
List the prime factors of 333683443.
333683443
What are the prime factors of 2629236018?
2, 3, 383, 1144141
List the prime factors of 44096659.
59, 747401
What are the prime factors of 16704281?
11, 1518571
What are the prime factors of 37366031?
103, 199, 1823
List the prime factors of 180657077.
197, 917041
List the prime factors of 301033424.
2, 18814589
List the prime factors of 139159936.
2, 23, 47269
List the prime factors of 146720137.
577, 254281
What are the prime factors of 37699860?
2, 3, 5, 11, 239
List the prime factors of 95623160.
2, 5, 2390579
List the prime factors of 196510371.
3, 65503457
What are the prime factors of 228625015?
5, 45725003
What are the prime factors of 91495061?
7, 73, 179051
What are the prime factors of 1450954576?
2, 41, 2211821
What are the prime factors of 2768161283?
31643, 87481
What are the prime factors of 317531082?
2, 3, 11, 523, 9199
What are the prime factors of 191322636?
2, 3, 83, 192091
What are the prime factors of 472389803?
307, 863, 1783
What are the prime factors of 1765346?
2, 11, 29, 2767
List the prime factors of 516006537.
3, 107, 193, 8329
List the prime factors of 439826759.
3607, 121937
What are the prime factors of 1333383?
3, 444461
List the prime factors of 132856886.
2, 31, 89, 24077
What are the prime factors of 489453530?
2, 5, 48945353
List the prime factors of 231903216.
2, 3, 41, 13093
What are the prime factors of 5275628993?
5275628993
List the prime factors of 1271961461.
1271961461
What are the prime factors of 863640455?
5, 23, 7509917
What are the prime factors of 41765687?
59, 457, 1549
List the prime factors of 1029633078.
2, 3, 97, 1769129
What are the prime factors of 71261292?
2, 3, 5938441
What are the prime factors of 61626786?
2, 3, 13, 790087
What are the prime factors of 1385167681?
137, 751, 13463
What are the prime factors of 711585650?
2, 5, 14231713
What are the prime factors of 5849258?
2, 17, 89, 1933
What are the prime factors of 352829178?
2, 3, 13, 103, 14639
List the prime factors of 14781821.
1361, 10861
What are the prime factors of 344587027?
2719, 126733
What are the prime factors of 5265699974?
2, 2632849987
What are the prime factors of 43607652?
2, 3, 11, 17, 19433
List the prime factors of 1720968357.
3,